d by 27.
24
Let n(p) = 2*p**2 + 3*p - 1. Let t be n(-3). Let j(d) = 3*d + 7. Calculate the remainder when (t/((-8)/(-97)))/1 is divided by j(6).
22
Let c be (-440)/(-140)*(-28)/(-2). Suppose -c = 20*a - 404. Calculate the remainder when a is divided by 9 + (1 - 0/2).
8
Suppose -5*g + 47*a = 50*a - 42, -3*g = 5*a - 6. What is the remainder when 369 is divided by g?
9
Suppose -45676*x - 625 = -45681*x. Suppose -2*d - k = -81 + 15, 5*d - 4*k = 152. What is the remainder when x is divided by d?
29
Let h = 50 + -51. Let p(v) = 6*v**2 - 2*v - 1. Suppose 3*b - 64 = 11. Calculate the remainder when b is divided by p(h).
4
Suppose 3*p - 32 = p. Suppose 75 = 22*f - 6899. Let l = f - 191. Calculate the remainder when l is divided by p.
14
Let l(z) = -z**3 + 6*z**2 - 24*z + 31. What is the remainder when l(-7) is divided by 204?
20
Let l(q) = -q**3 - 3*q**2 - q + 1. Let j be l(-1). Suppose j = -16*i + 14*i + 640. Let s = i - 119. Calculate the remainder when s is divided by 34.
31
Suppose 0 = 12*j - 285 - 855. Calculate the remainder when 1043 is divided by j.
93
Suppose 131*q - 136*q = -4*r + 726, 5*q + 547 = 3*r. Calculate the remainder when 631 is divided by r.
94
Let j be (18/(-4))/((-14)/28). Let b be 2/7 + (-66)/(-126)*j. What is the remainder when (42 - -1)*(-2)/(-10)*b is divided by 11?
10
Let b(h) = 3041*h**2 + 2581*h - 5158. What is the remainder when b(2) is divided by 25?
18
Let b = 3491 - 3438. Calculate the remainder when 2755 is divided by b.
52
Suppose 28*u + 192 = 30*u. Suppose -3*j = -5*j + u. Let i = -32 + j. What is the remainder when i is divided by 3?
1
Suppose -7*j + 10 = -2*j. Let n(i) = 73*i**2 + 50*i - 2. Calculate the remainder when n(-1) is divided by j.
1
Let g be (330/(-18))/5*-3. Suppose -g*s + 19 = 8*s. Let d = -1 - -4. What is the remainder when d is divided by s?
0
Let u = 95 + -73. Let l = -17 + u. Suppose -22 = 3*v - l*v. What is the remainder when v is divided by 4?
3
Suppose -3*q + 34*d = 33*d - 293, 4*q - 5*d = 420. Calculate the remainder when 494 is divided by q.
19
Let h(p) = p**2 + 2*p - 5. Suppose 1 = r + 5. What is the remainder when 6 - 120/(-27) - 8/18 is divided by h(r)?
1
Let m(q) be the first derivative of q**3/3 + 5*q**2 - 16*q - 8. Let w = 15 - 11. What is the remainder when m(-13) is divided by w?
3
Let z(l) = l + 81. Suppose 1 = -3*f - 5*n - 7, 4*f - 4*n - 32 = 0. What is the remainder when z(0) is divided by (68/(-6))/(f/(-6) + 0)?
13
Suppose -5*i - 94 = -7*f + 10, 0 = 3*f - 3*i - 42. Calculate the remainder when 3242 is divided by f.
12
Suppose 0*s + 87 = -3*s. Suppose -4*w + 334 = -3*h, 3*w - 42*h = -37*h + 234. Calculate the remainder when w is divided by (-2)/(-6) - s/3.
8
Let c = 254 - 206. Calculate the remainder when c is divided by (-3)/(-4) - (-196)/16.
9
Let a(d) = -5*d + 241. Let v(x) = -x**3 + 6*x**2 + 7*x + 7. What is the remainder when a(43) is divided by v(7)?
5
Let l(u) = 111*u - 1873. What is the remainder when l(18) is divided by (-97)/(-3) + (-3)/9?
29
Suppose 0 = 2*i + 29 - 477. Suppose -4*d = b - 2*b + 61, -3*b = -3*d - 147. Suppose -15*y + b*y - 450 = 0. Calculate the remainder when i is divided by y.
14
Suppose -49*z = -306*z + 1728068. Calculate the remainder when z is divided by 1679.
8
Suppose 4*r - 74 = -2*h, -2*r + 4*h + 50 = r. Let j = 11 + 3. What is the remainder when 160/6 + (-12)/r is divided by j?
12
Let f be (-2)/(-5) + (-4926)/15. Let q = -182 - f. What is the remainder when q is divided by 2348/47 - (-71)/((-63403)/(-38))?
46
Let q(i) = i**3 - 12*i**2 + 11*i + 11. Suppose 6*l - 72 + 0 = 0. What is the remainder when q(l) is divided by 16?
15
Let j be (-4)/10 - 168/(-70). Suppose -2*l - 223 = -5*y, j*l + 49 = y + 6*l. Let k(n) = 9*n + 345. What is the remainder when k(-29) is divided by y?
39
Suppose 22715 = 892*t - 857*t. Calculate the remainder when t is divided by 204.
37
Suppose -3*j + 2*l = -322, 3*j + 214 = 5*j - l. Let n(u) = -u**2 + 14*u - 30. Calculate the remainder when j is divided by n(6).
16
What is the remainder when 388 is divided by (475/38)/(2/(4/(-5)) - -3)?
13
Let k(m) = 3*m**2 + 3*m + 249. Calculate the remainder when k(-18) is divided by 7.
5
Suppose -3*q + 1367 = -470*x + 474*x, q - 469 = -4*x. What is the remainder when q is divided by 25?
24
Calculate the remainder when 1010427/1947 + (-20)/(-590) is divided by 80.
39
Suppose 2*j - 2*i = j + 14, 38 = 3*j - 4*i. Suppose -j - 21 = -g. Suppose -2*a + 45 = 3*v + a, -80 = -3*v + 4*a. What is the remainder when g is divided by v?
11
Let w(i) = 7 + 0 - 46*i + 5 + 45*i. What is the remainder when 79 is divided by w(-8)?
19
Suppose 39*g + 9*g - 33*g = 150. What is the remainder when 409 is divided by g?
9
Let u = -1678 - -2590. What is the remainder when u is divided by 62?
44
Let n(a) = 2*a**2 - 211*a + 7231. What is the remainder when n(33) is divided by 246?
232
Let p be 9/(-3) - -1 - (-16 - -18). Let w be -16 - 1 - (-6 - p). Calculate the remainder when (1 - w/(-5)) + 41 is divided by 25.
14
Let s = 15201 - 15174. Calculate the remainder when 437 is divided by s.
5
Let s(j) = 4*j**3 - 2*j - 1. Let n be s(-1). Calculate the remainder when (4/10)/(n/(-840)) is divided by 34.
10
Let y(t) = -29*t - 125. What is the remainder when 336 is divided by y(-5)?
16
Suppose 1713 = 5*j + 1463. Calculate the remainder when 214 is divided by j.
14
Suppose 3*b - 63 = 63. Let d = 87 - b. Calculate the remainder when d is divided by (-16)/(-4) - (-2 + 1 - 11).
13
Let z(l) = l**3 - 24*l**2 - 26*l + 1. Let b be z(25). Calculate the remainder when 25 is divided by (10/b*2)/(18/(-324)).
10
Let y(k) = -2*k**3 + 3*k**2 + k + 23. Let r be y(5). Let n = r - -168. What is the remainder when n is divided by 5?
1
What is the remainder when 248 is divided by 16 + (-15)/(-15) + -7?
8
Suppose 0 = 5*f - 4*z - 566, 0 = -f + 82*z - 85*z + 98. Calculate the remainder when f is divided by 97.
13
Let q = 24423 + -24402. Calculate the remainder when 60 is divided by q.
18
Suppose 5*j = -2*g + 1103, -7*j + 2*j = -5*g - 1110. Suppose 17923*r - 2550 = 17889*r. What is the remainder when j is divided by r?
71
Suppose -7*q - 118 = -10*q - 40. Calculate the remainder when 671 is divided by q.
21
Suppose 30 = o + o + 4*r, -19 = -5*o + 4*r. Suppose -x + 74 = 2*n, x - 112 = -x + 5*n. Let c = 68 - x. Calculate the remainder when o is divided by c.
1
Let b = -1370 - -1433. Calculate the remainder when 427 is divided by b.
49
Calculate the remainder when -2 - -3 - (-14)/(-13) - (-8993)/299 is divided by 16.
14
Let p be (-10512)/(-216) - 1/((-3)/(-2)). Suppose -6*x = -24 - p. What is the remainder when 201 is divided by x?
9
Let a(m) = -m**3 - 3*m**2 + 3*m + 5. Let g = 20 + -18. Let i be -5 + -1 + 1*g/1. What is the remainder when 35 is divided by a(i)?
8
Suppose 0 = -h - 3, 2*z - 58*h - 197 = -53*h. What is the remainder when z is divided by 29?
4
Suppose -c + 1 = 0, -4*d = 5*c + 4 + 3. Let q(z) = 28*z + 19. Let p be q(d). Let i = 93 + p. Calculate the remainder when 193 is divided by i.
25
Let o be ((-9)/3)/(-1)*(-90)/27. Calculate the remainder when 10902/90 + 4 - o/(-75) is divided by 36.
17
Let w be ((-11)/(-2))/((-4)/(-8)). Let d = -16 - w. Let r = d - -34. What is the remainder when 11 is divided by r?
4
Let j(a) = 2*a**2 - 4*a + 3. Let c be -6 + 0*2/8. Calculate the remainder when j(c) is divided by 15.
9
Suppose -41*i + 231*i - 31540 = 0. What is the remainder when i is divided by 13*1 + (-2 - -3)?
12
Let k(w) = -15*w - 7*w - 234 + 9*w + 211 + 15*w**2 - 11*w. What is the remainder when 31 is divided by k(-1)?
15
Let q = -2139 - -2452. What is the remainder when q is divided by 94?
31
Let x = 1460 + -1122. Calculate the remainder when x is divided by 68.
66
Suppose 0 = -5*i + j + 2201, 4*i + 51*j = 54*j + 1774. Calculate the remainder when i is divided by 119.
82
Let q = 6309 - 5623. Calculate the remainder when q is divided by 41.
30
Suppose 9 = -4*y + c, -4*y + 0*c = 3*c + 21. What is the remainder when 140 is divided by (y/(-6))/((-924)/232 + 4)?
24
Suppose v - 522 + 78 = 5*f, -2*v - 2*f = -876. Calculate the remainder when v is divided by 155.
129
Suppose -2*z - 1154 = -0*a - 2*a, a - 612 = -6*z. What is the remainder when a is divided by 145?
2
Let b = 126 - 125. Let n(p) = 51*p - 8. Let k(g) = 1. Let w(s) = 2*k(s) + n(s). What is 